{"id":10301,"date":"2020-03-12T10:08:47","date_gmt":"2020-03-12T14:08:47","guid":{"rendered":"https:\/\/acumenbw.wpenginepowered.com\/?post_type=team&#038;p=10301"},"modified":"2026-03-11T13:28:11","modified_gmt":"2026-03-11T17:28:11","slug":"santiago-rodriguez","status":"publish","type":"team","link":"https:\/\/acumen.org\/es\/team\/santiago-rodriguez\/","title":{"rendered":"Santiago Rodr\u00edguez G\u00f3mez"},"content":{"rendered":"<p>Santiago Rodr\u00edguez es dise\u00f1ador y Gerente de Dise\u00f1o en Acumen, donde lidera la direcci\u00f3n creativa de Acumen Academy. Supervisa el dise\u00f1o UX\/UI y la identidad visual de la marca, guiando al equipo en la creaci\u00f3n de experiencias digitales significativas que conectan el aprendizaje con el impacto social. Su pr\u00e1ctica explora c\u00f3mo el dise\u00f1o puede tender puentes entre disciplinas y ampliar las formas en que publicamos, comunicamos y nos relacionamos con las ideas.<\/p>\n<p>Ha colaborado con organizaciones como el Programa Conjunto de las Naciones Unidas sobre el VIH\/Sida (ONUSIDA), coordinando los\u00a0<em>Premios Lazo Rojo<\/em>\u00a0en Colombia, y ha trabajado tambi\u00e9n con University of the Arts London. Santiago es cofundador y exdirector de arte de\u00a0<em>CARMA Journal<\/em>\u00a0y fue director creativo de la Fundaci\u00f3n 4\u201318. Es dise\u00f1ador graduado de la Universidad de los Andes, en Bogot\u00e1, y mag\u00edster en Dise\u00f1o de Comunicaci\u00f3n Gr\u00e1fica por Central Saint Martins, Londres.<\/p>\n","protected":false},"featured_media":7142,"template":"","office":[194],"team-function":[205],"team-type":[196],"class_list":["post-10301","team","type-team","status-publish","has-post-thumbnail","hentry"],"acf":[],"yoast_head":"<!-- This site is optimized with the Yoast SEO Premium plugin v27.5 (Yoast SEO v27.5) - https:\/\/yoast.com\/product\/yoast-seo-premium-wordpress\/ -->\n<title>Santiago Rodr\u00edguez G\u00f3mez | Acumen<\/title>\n<meta name=\"robots\" content=\"index, follow, max-snippet:-1, max-image-preview:large, max-video-preview:-1\" \/>\n<link rel=\"canonical\" href=\"https:\/\/acumen.org\/es\/team\/santiago-rodriguez\/\" \/>\n<meta property=\"og:locale\" content=\"es_ES\" \/>\n<meta property=\"og:type\" content=\"article\" \/>\n<meta property=\"og:title\" content=\"Santiago Rodr\u00edguez G\u00f3mez\" \/>\n<meta property=\"og:description\" content=\"Santiago Rodr\u00edguez es dise\u00f1ador y Gerente de Dise\u00f1o en Acumen, donde lidera la direcci\u00f3n creativa de Acumen Academy. Supervisa el dise\u00f1o UX\/UI y la identidad visual de la marca, guiando al equipo en la creaci\u00f3n de experiencias digitales significativas que conectan el aprendizaje con el impacto social. Su pr\u00e1ctica explora c\u00f3mo el dise\u00f1o puede tender &hellip; Continuado\" \/>\n<meta property=\"og:url\" content=\"https:\/\/acumen.org\/es\/team\/santiago-rodriguez\/\" \/>\n<meta property=\"og:site_name\" content=\"Acumen\" \/>\n<meta property=\"article:publisher\" content=\"https:\/\/www.facebook.com\/acumenfund\/\" \/>\n<meta property=\"article:modified_time\" content=\"2026-03-11T17:28:11+00:00\" \/>\n<meta property=\"og:image\" content=\"https:\/\/acumen.org\/app\/uploads\/2024\/03\/SANTIAGO_RODRIGUEZ-Santiago-Rodriguez.jpg\" \/>\n\t<meta property=\"og:image:width\" content=\"800\" \/>\n\t<meta property=\"og:image:height\" content=\"800\" \/>\n\t<meta property=\"og:image:type\" content=\"image\/jpeg\" \/>\n<meta name=\"twitter:card\" content=\"summary_large_image\" \/>\n<meta name=\"twitter:site\" content=\"@Acumen\" \/>\n<meta name=\"twitter:label1\" content=\"Tiempo de lectura\" \/>\n\t<meta name=\"twitter:data1\" content=\"1 minute\" \/>\n<script type=\"application\/ld+json\" class=\"yoast-schema-graph\">{\"@context\":\"https:\\\/\\\/schema.org\",\"@graph\":[{\"@type\":\"WebPage\",\"@id\":\"https:\\\/\\\/acumen.org\\\/es\\\/team\\\/santiago-rodriguez\\\/\",\"url\":\"https:\\\/\\\/acumen.org\\\/es\\\/team\\\/santiago-rodriguez\\\/\",\"name\":\"Santiago Rodr\u00edguez G\u00f3mez | Acumen\",\"isPartOf\":{\"@id\":\"https:\\\/\\\/acumen.org\\\/es\\\/#website\"},\"primaryImageOfPage\":{\"@id\":\"https:\\\/\\\/acumen.org\\\/es\\\/team\\\/santiago-rodriguez\\\/#primaryimage\"},\"image\":{\"@id\":\"https:\\\/\\\/acumen.org\\\/es\\\/team\\\/santiago-rodriguez\\\/#primaryimage\"},\"thumbnailUrl\":\"https:\\\/\\\/acumen.org\\\/wp-content\\\/uploads\\\/2024\\\/03\\\/SANTIAGO_RODRIGUEZ-Santiago-Rodriguez.jpg\",\"datePublished\":\"2020-03-12T14:08:47+00:00\",\"dateModified\":\"2026-03-11T17:28:11+00:00\",\"breadcrumb\":{\"@id\":\"https:\\\/\\\/acumen.org\\\/es\\\/team\\\/santiago-rodriguez\\\/#breadcrumb\"},\"inLanguage\":\"es-ES\",\"potentialAction\":[{\"@type\":\"ReadAction\",\"target\":[\"https:\\\/\\\/acumen.org\\\/es\\\/team\\\/santiago-rodriguez\\\/\"]}]},{\"@type\":\"ImageObject\",\"inLanguage\":\"es-ES\",\"@id\":\"https:\\\/\\\/acumen.org\\\/es\\\/team\\\/santiago-rodriguez\\\/#primaryimage\",\"url\":\"https:\\\/\\\/acumen.org\\\/wp-content\\\/uploads\\\/2024\\\/03\\\/SANTIAGO_RODRIGUEZ-Santiago-Rodriguez.jpg\",\"contentUrl\":\"https:\\\/\\\/acumen.org\\\/wp-content\\\/uploads\\\/2024\\\/03\\\/SANTIAGO_RODRIGUEZ-Santiago-Rodriguez.jpg\",\"width\":800,\"height\":800},{\"@type\":\"BreadcrumbList\",\"@id\":\"https:\\\/\\\/acumen.org\\\/es\\\/team\\\/santiago-rodriguez\\\/#breadcrumb\",\"itemListElement\":[{\"@type\":\"ListItem\",\"position\":1,\"name\":\"Home\",\"item\":\"https:\\\/\\\/acumen.org\\\/es\\\/\"},{\"@type\":\"ListItem\",\"position\":2,\"name\":\"Santiago Rodr\u00edguez G\u00f3mez\"}]},{\"@type\":\"WebSite\",\"@id\":\"https:\\\/\\\/acumen.org\\\/es\\\/#website\",\"url\":\"https:\\\/\\\/acumen.org\\\/es\\\/\",\"name\":\"Acumen\",\"description\":\"\",\"publisher\":{\"@id\":\"https:\\\/\\\/acumen.org\\\/es\\\/#organization\"},\"potentialAction\":[{\"@type\":\"SearchAction\",\"target\":{\"@type\":\"EntryPoint\",\"urlTemplate\":\"https:\\\/\\\/acumen.org\\\/es\\\/?s={search_term_string}\"},\"query-input\":{\"@type\":\"PropertyValueSpecification\",\"valueRequired\":true,\"valueName\":\"search_term_string\"}}],\"inLanguage\":\"es-ES\"},{\"@type\":\"Organization\",\"@id\":\"https:\\\/\\\/acumen.org\\\/es\\\/#organization\",\"name\":\"Acumen\",\"url\":\"https:\\\/\\\/acumen.org\\\/es\\\/\",\"logo\":{\"@type\":\"ImageObject\",\"inLanguage\":\"es-ES\",\"@id\":\"https:\\\/\\\/acumen.org\\\/es\\\/#\\\/schema\\\/logo\\\/image\\\/\",\"url\":\"https:\\\/\\\/acumen.org\\\/app\\\/uploads\\\/2021\\\/03\\\/Acumen.png\",\"contentUrl\":\"https:\\\/\\\/acumen.org\\\/app\\\/uploads\\\/2021\\\/03\\\/Acumen.png\",\"width\":3334,\"height\":2480,\"caption\":\"Acumen\"},\"image\":{\"@id\":\"https:\\\/\\\/acumen.org\\\/es\\\/#\\\/schema\\\/logo\\\/image\\\/\"},\"sameAs\":[\"https:\\\/\\\/www.facebook.com\\\/acumenfund\\\/\",\"https:\\\/\\\/x.com\\\/Acumen\",\"https:\\\/\\\/www.instagram.com\\\/acumenorg\\\/\",\"https:\\\/\\\/www.linkedin.com\\\/company\\\/acumen-fund\\\/\",\"https:\\\/\\\/www.youtube.com\\\/channel\\\/UCpuoLfl6gZl2jDa8lAlC8YQ\"],\"description\":\"We invest across the capital continuum to help transformational companies grow from seed to scale. acumen invests patient capital in business models that deliver critical, affordable goods and services to the world's poor, improving the lives of millions. Since 2001, Acumen has invested in businesses that provide access to healthcare, energy, education, water & sanitation, housing, financial services, and agricultural services to low-income customers. Our investments are addressing the problems of poverty in East and West Africa, South Asia, Latin America, and the United States.\",\"telephone\":\"1-212-566-8821\",\"legalName\":\"Acumen Fund, Inc.\",\"taxID\":\"13-4166228\",\"ownershipFundingInfo\":\"https:\\\/\\\/acumen.org\\\/financials\\\/\",\"ethicsPolicy\":\"https:\\\/\\\/acumen.org\\\/anti-corruption-policy\\\/\"}]}<\/script>\n<!-- \/ Yoast SEO Premium plugin. -->","yoast_head_json":{"title":"Santiago Rodr\u00edguez G\u00f3mez | Acumen","robots":{"index":"index","follow":"follow","max-snippet":"max-snippet:-1","max-image-preview":"max-image-preview:large","max-video-preview":"max-video-preview:-1"},"canonical":"https:\/\/acumen.org\/es\/team\/santiago-rodriguez\/","og_locale":"es_ES","og_type":"article","og_title":"Santiago Rodr\u00edguez G\u00f3mez","og_description":"Santiago Rodr\u00edguez es dise\u00f1ador y Gerente de Dise\u00f1o en Acumen, donde lidera la direcci\u00f3n creativa de Acumen Academy. Supervisa el dise\u00f1o UX\/UI y la identidad visual de la marca, guiando al equipo en la creaci\u00f3n de experiencias digitales significativas que conectan el aprendizaje con el impacto social. Su pr\u00e1ctica explora c\u00f3mo el dise\u00f1o puede tender &hellip; Continuado","og_url":"https:\/\/acumen.org\/es\/team\/santiago-rodriguez\/","og_site_name":"Acumen","article_publisher":"https:\/\/www.facebook.com\/acumenfund\/","article_modified_time":"2026-03-11T17:28:11+00:00","og_image":[{"width":800,"height":800,"url":"https:\/\/acumen.org\/app\/uploads\/2024\/03\/SANTIAGO_RODRIGUEZ-Santiago-Rodriguez.jpg","type":"image\/jpeg"}],"twitter_card":"summary_large_image","twitter_site":"@Acumen","twitter_misc":{"Tiempo de lectura":"1 minute"},"schema":{"@context":"https:\/\/schema.org","@graph":[{"@type":"WebPage","@id":"https:\/\/acumen.org\/es\/team\/santiago-rodriguez\/","url":"https:\/\/acumen.org\/es\/team\/santiago-rodriguez\/","name":"Santiago Rodr\u00edguez G\u00f3mez | Acumen","isPartOf":{"@id":"https:\/\/acumen.org\/es\/#website"},"primaryImageOfPage":{"@id":"https:\/\/acumen.org\/es\/team\/santiago-rodriguez\/#primaryimage"},"image":{"@id":"https:\/\/acumen.org\/es\/team\/santiago-rodriguez\/#primaryimage"},"thumbnailUrl":"https:\/\/acumen.org\/wp-content\/uploads\/2024\/03\/SANTIAGO_RODRIGUEZ-Santiago-Rodriguez.jpg","datePublished":"2020-03-12T14:08:47+00:00","dateModified":"2026-03-11T17:28:11+00:00","breadcrumb":{"@id":"https:\/\/acumen.org\/es\/team\/santiago-rodriguez\/#breadcrumb"},"inLanguage":"es-ES","potentialAction":[{"@type":"ReadAction","target":["https:\/\/acumen.org\/es\/team\/santiago-rodriguez\/"]}]},{"@type":"ImageObject","inLanguage":"es-ES","@id":"https:\/\/acumen.org\/es\/team\/santiago-rodriguez\/#primaryimage","url":"https:\/\/acumen.org\/wp-content\/uploads\/2024\/03\/SANTIAGO_RODRIGUEZ-Santiago-Rodriguez.jpg","contentUrl":"https:\/\/acumen.org\/wp-content\/uploads\/2024\/03\/SANTIAGO_RODRIGUEZ-Santiago-Rodriguez.jpg","width":800,"height":800},{"@type":"BreadcrumbList","@id":"https:\/\/acumen.org\/es\/team\/santiago-rodriguez\/#breadcrumb","itemListElement":[{"@type":"ListItem","position":1,"name":"Home","item":"https:\/\/acumen.org\/es\/"},{"@type":"ListItem","position":2,"name":"Santiago Rodr\u00edguez G\u00f3mez"}]},{"@type":"WebSite","@id":"https:\/\/acumen.org\/es\/#website","url":"https:\/\/acumen.org\/es\/","name":"Acumen","description":"","publisher":{"@id":"https:\/\/acumen.org\/es\/#organization"},"potentialAction":[{"@type":"SearchAction","target":{"@type":"EntryPoint","urlTemplate":"https:\/\/acumen.org\/es\/?s={search_term_string}"},"query-input":{"@type":"PropertyValueSpecification","valueRequired":true,"valueName":"search_term_string"}}],"inLanguage":"es-ES"},{"@type":"Organization","@id":"https:\/\/acumen.org\/es\/#organization","name":"Acumen","url":"https:\/\/acumen.org\/es\/","logo":{"@type":"ImageObject","inLanguage":"es-ES","@id":"https:\/\/acumen.org\/es\/#\/schema\/logo\/image\/","url":"https:\/\/acumen.org\/app\/uploads\/2021\/03\/Acumen.png","contentUrl":"https:\/\/acumen.org\/app\/uploads\/2021\/03\/Acumen.png","width":3334,"height":2480,"caption":"Acumen"},"image":{"@id":"https:\/\/acumen.org\/es\/#\/schema\/logo\/image\/"},"sameAs":["https:\/\/www.facebook.com\/acumenfund\/","https:\/\/x.com\/Acumen","https:\/\/www.instagram.com\/acumenorg\/","https:\/\/www.linkedin.com\/company\/acumen-fund\/","https:\/\/www.youtube.com\/channel\/UCpuoLfl6gZl2jDa8lAlC8YQ"],"description":"We invest across the capital continuum to help transformational companies grow from seed to scale. acumen invests patient capital in business models that deliver critical, affordable goods and services to the world's poor, improving the lives of millions. Since 2001, Acumen has invested in businesses that provide access to healthcare, energy, education, water & sanitation, housing, financial services, and agricultural services to low-income customers. Our investments are addressing the problems of poverty in East and West Africa, South Asia, Latin America, and the United States.","telephone":"1-212-566-8821","legalName":"Acumen Fund, Inc.","taxID":"13-4166228","ownershipFundingInfo":"https:\/\/acumen.org\/financials\/","ethicsPolicy":"https:\/\/acumen.org\/anti-corruption-policy\/"}]}},"_links":{"self":[{"href":"https:\/\/acumen.org\/es\/wp-json\/wp\/v2\/team\/10301","targetHints":{"allow":["GET"]}}],"collection":[{"href":"https:\/\/acumen.org\/es\/wp-json\/wp\/v2\/team"}],"about":[{"href":"https:\/\/acumen.org\/es\/wp-json\/wp\/v2\/types\/team"}],"wp:featuredmedia":[{"embeddable":true,"href":"https:\/\/acumen.org\/es\/wp-json\/wp\/v2\/media\/7142"}],"wp:attachment":[{"href":"https:\/\/acumen.org\/es\/wp-json\/wp\/v2\/media?parent=10301"}],"wp:term":[{"taxonomy":"office","embeddable":true,"href":"https:\/\/acumen.org\/es\/wp-json\/wp\/v2\/office?post=10301"},{"taxonomy":"team-function","embeddable":true,"href":"https:\/\/acumen.org\/es\/wp-json\/wp\/v2\/team-function?post=10301"},{"taxonomy":"team-type","embeddable":true,"href":"https:\/\/acumen.org\/es\/wp-json\/wp\/v2\/team-type?post=10301"}],"curies":[{"name":"wp","href":"https:\/\/api.w.org\/{rel}","templated":true}]}}

Santiago Rodríguez Gómez

<p>Santiago Rodríguez es diseñador y Gerente de Diseño en Acumen, donde lidera la dirección creativa de Acumen Academy. Supervisa el diseño UX/UI y la identidad visual de la marca, guiando al equipo en la creación de experiencias digitales significativas que conectan el aprendizaje con el impacto social. Su práctica explora cómo el diseño puede tender puentes entre disciplinas y ampliar las formas en que publicamos, comunicamos y nos relacionamos con las ideas.</p>
<p>Ha colaborado con organizaciones como el Programa Conjunto de las Naciones Unidas sobre el VIH/Sida (ONUSIDA), coordinando los <em>Premios Lazo Rojo</em> en Colombia, y ha trabajado también con University of the Arts London. Santiago es cofundador y exdirector de arte de <em>CARMA Journal</em> y fue director creativo de la Fundación 4–18. Es diseñador graduado de la Universidad de los Andes, en Bogotá, y magíster en Diseño de Comunicación Gráfica por Central Saint Martins, Londres.</p>

<!-- This site is optimized with the Yoast SEO Premium plugin v27.5 (Yoast SEO v27.5) - https://yoast.com/product/yoast-seo-premium-wordpress/ -->
<title>Santiago Rodríguez Gómez | Acumen</title>
<meta name="robots" content="index, follow, max-snippet:-1, max-image-preview:large, max-video-preview:-1" />
<link rel="canonical" href="https://acumen.org/es/team/santiago-rodriguez/" />
<meta property="og:locale" content="es_ES" />
<meta property="og:type" content="article" />
<meta property="og:title" content="Santiago Rodríguez Gómez" />
<meta property="og:description" content="Santiago Rodríguez es diseñador y Gerente de Diseño en Acumen, donde lidera la dirección creativa de Acumen Academy. Supervisa el diseño UX/UI y la identidad visual de la marca, guiando al equipo en la creación de experiencias digitales significativas que conectan el aprendizaje con el impacto social. Su práctica explora cómo el diseño puede tender &hellip; Continuado" />
<meta property="og:url" content="https://acumen.org/es/team/santiago-rodriguez/" />
<meta property="og:site_name" content="Acumen" />
<meta property="article:publisher" content="https://www.facebook.com/acumenfund/" />
<meta property="article:modified_time" content="2026-03-11T17:28:11+00:00" />
<meta property="og:image" content="https://acumen.org/app/uploads/2024/03/SANTIAGO_RODRIGUEZ-Santiago-Rodriguez.jpg" />
	<meta property="og:image:width" content="800" />
	<meta property="og:image:height" content="800" />
	<meta property="og:image:type" content="image/jpeg" />
<meta name="twitter:card" content="summary_large_image" />
<meta name="twitter:site" content="@Acumen" />
<meta name="twitter:label1" content="Tiempo de lectura" />
	<meta name="twitter:data1" content="1 minute" />
<script type="application/ld+json" class="yoast-schema-graph">{"@context":"https:\/\/schema.org","@graph":[{"@type":"WebPage","@id":"https:\/\/acumen.org\/es\/team\/santiago-rodriguez\/","url":"https:\/\/acumen.org\/es\/team\/santiago-rodriguez\/","name":"Santiago Rodríguez Gómez | Acumen","isPartOf":{"@id":"https:\/\/acumen.org\/es\/#website"},"primaryImageOfPage":{"@id":"https:\/\/acumen.org\/es\/team\/santiago-rodriguez\/#primaryimage"},"image":{"@id":"https:\/\/acumen.org\/es\/team\/santiago-rodriguez\/#primaryimage"},"thumbnailUrl":"https:\/\/acumen.org\/wp-content\/uploads\/2024\/03\/SANTIAGO_RODRIGUEZ-Santiago-Rodriguez.jpg","datePublished":"2020-03-12T14:08:47+00:00","dateModified":"2026-03-11T17:28:11+00:00","breadcrumb":{"@id":"https:\/\/acumen.org\/es\/team\/santiago-rodriguez\/#breadcrumb"},"inLanguage":"es-ES","potentialAction":[{"@type":"ReadAction","target":["https:\/\/acumen.org\/es\/team\/santiago-rodriguez\/"]}]},{"@type":"ImageObject","inLanguage":"es-ES","@id":"https:\/\/acumen.org\/es\/team\/santiago-rodriguez\/#primaryimage","url":"https:\/\/acumen.org\/wp-content\/uploads\/2024\/03\/SANTIAGO_RODRIGUEZ-Santiago-Rodriguez.jpg","contentUrl":"https:\/\/acumen.org\/wp-content\/uploads\/2024\/03\/SANTIAGO_RODRIGUEZ-Santiago-Rodriguez.jpg","width":800,"height":800},{"@type":"BreadcrumbList","@id":"https:\/\/acumen.org\/es\/team\/santiago-rodriguez\/#breadcrumb","itemListElement":[{"@type":"ListItem","position":1,"name":"Home","item":"https:\/\/acumen.org\/es\/"},{"@type":"ListItem","position":2,"name":"Santiago Rodríguez Gómez"}]},{"@type":"WebSite","@id":"https:\/\/acumen.org\/es\/#website","url":"https:\/\/acumen.org\/es\/","name":"Acumen","description":"","publisher":{"@id":"https:\/\/acumen.org\/es\/#organization"},"potentialAction":[{"@type":"SearchAction","target":{"@type":"EntryPoint","urlTemplate":"https:\/\/acumen.org\/es\/?s={search_term_string}"},"query-input":{"@type":"PropertyValueSpecification","valueRequired":true,"valueName":"search_term_string"}}],"inLanguage":"es-ES"},{"@type":"Organization","@id":"https:\/\/acumen.org\/es\/#organization","name":"Acumen","url":"https:\/\/acumen.org\/es\/","logo":{"@type":"ImageObject","inLanguage":"es-ES","@id":"https:\/\/acumen.org\/es\/#\/schema\/logo\/image\/","url":"https:\/\/acumen.org\/app\/uploads\/2021\/03\/Acumen.png","contentUrl":"https:\/\/acumen.org\/app\/uploads\/2021\/03\/Acumen.png","width":3334,"height":2480,"caption":"Acumen"},"image":{"@id":"https:\/\/acumen.org\/es\/#\/schema\/logo\/image\/"},"sameAs":["https:\/\/www.facebook.com\/acumenfund\/","https:\/\/x.com\/Acumen","https:\/\/www.instagram.com\/acumenorg\/","https:\/\/www.linkedin.com\/company\/acumen-fund\/","https:\/\/www.youtube.com\/channel\/UCpuoLfl6gZl2jDa8lAlC8YQ"],"description":"We invest across the capital continuum to help transformational companies grow from seed to scale. acumen invests patient capital in business models that deliver critical, affordable goods and services to the world's poor, improving the lives of millions. Since 2001, Acumen has invested in businesses that provide access to healthcare, energy, education, water & sanitation, housing, financial services, and agricultural services to low-income customers. Our investments are addressing the problems of poverty in East and West Africa, South Asia, Latin America, and the United States.","telephone":"1-212-566-8821","legalName":"Acumen Fund, Inc.","taxID":"13-4166228","ownershipFundingInfo":"https:\/\/acumen.org\/financials\/","ethicsPolicy":"https:\/\/acumen.org\/anti-corruption-policy\/"}]}</script>
<!-- / Yoast SEO Premium plugin. -->

Santiago Rodríguez Gómez | Acumen

Santiago Rodríguez es diseñador y Gerente de Diseño en Acumen, donde lidera la dirección creativa de Acumen Academy. Supervisa el diseño UX/UI y la identidad visual de la marca, guiando al equipo en la creación de experiencias digitales significativas que conectan el aprendizaje con el impacto social. Su práctica explora cómo el diseño puede tender &hellip; Continuado
