{"id":16143,"date":"2021-04-08T08:30:35","date_gmt":"2021-04-08T12:30:35","guid":{"rendered":"https:\/\/acumen.org\/?post_type=team&#038;p=16143"},"modified":"2026-04-07T11:56:49","modified_gmt":"2026-04-07T15:56:49","slug":"mercedes-de-la-vega","status":"publish","type":"team","link":"https:\/\/acumen.org\/es\/team\/mercedes-de-la-vega\/","title":{"rendered":"Mercedes de la Vega"},"content":{"rendered":"<p>Mercedes lidera alianzas estrat\u00e9gicas que impulsan el trabajo global de Acumen en la intersecci\u00f3n entre el cambio clim\u00e1tico y la pobreza. En este rol, trabaja con fundaciones, empresas, gobiernos e inversores para movilizar capital hacia empresas y soluciones que acompa\u00f1an a comunidades vulnerables al clima. Mercedes contribuye al desarrollo y la implementaci\u00f3n de la estrategia clim\u00e1tica de Acumen, fortaleciendo el posicionamiento de la organizaci\u00f3n en los ecosistemas de cambio clim\u00e1tico, energ\u00edas limpias e inversiones de impacto.<\/p>\n<p>Antes de unirse a Acumen en 2020, Mercedes trabaj\u00f3 durante cuatro a\u00f1os en Buenos Aires en el Grupo Techint, uno de los principales grupos industriales de Am\u00e9rica Latina con operaciones globales en energ\u00eda, acero e infraestructura. Como Coordinadora de Relaciones Institucionales, estuvo a cargo de asuntos p\u00fablicos, sustentabilidad corporativa y comunicaciones, trabajando con actores clave de los sectores p\u00fablico y privado.<\/p>\n<p>Mercedes cuenta con una Maestr\u00eda en Administraci\u00f3n P\u00fablica en Desarrollo (MPA in Development Practice) de la Universidad de Columbia (Nueva York, EEUU), donde fue becaria Fulbright, y una licenciatura en Relaciones Internacionales de la Universidad de San Andr\u00e9s (Buenos Aires, Argentina).<\/p>\n","protected":false},"featured_media":11583,"template":"","office":[],"team-function":[],"team-type":[],"class_list":["post-16143","team","type-team","status-publish","has-post-thumbnail","hentry"],"acf":[],"yoast_head":"<!-- This site is optimized with the Yoast SEO Premium plugin v27.4 (Yoast SEO v27.4) - https:\/\/yoast.com\/product\/yoast-seo-premium-wordpress\/ -->\n<title>Mercedes de la Vega | Acumen<\/title>\n<meta name=\"robots\" content=\"index, follow, max-snippet:-1, max-image-preview:large, max-video-preview:-1\" \/>\n<link rel=\"canonical\" href=\"https:\/\/acumen.org\/es\/team\/mercedes-de-la-vega\/\" \/>\n<meta property=\"og:locale\" content=\"es_ES\" \/>\n<meta property=\"og:type\" content=\"article\" \/>\n<meta property=\"og:title\" content=\"Mercedes de la Vega\" \/>\n<meta property=\"og:description\" content=\"Mercedes lidera alianzas estrat\u00e9gicas que impulsan el trabajo global de Acumen en la intersecci\u00f3n entre el cambio clim\u00e1tico y la pobreza. En este rol, trabaja con fundaciones, empresas, gobiernos e inversores para movilizar capital hacia empresas y soluciones que acompa\u00f1an a comunidades vulnerables al clima. Mercedes contribuye al desarrollo y la implementaci\u00f3n de la estrategia &hellip; Continuado\" \/>\n<meta property=\"og:url\" content=\"https:\/\/acumen.org\/es\/team\/mercedes-de-la-vega\/\" \/>\n<meta property=\"og:site_name\" content=\"Acumen\" \/>\n<meta property=\"article:publisher\" content=\"https:\/\/www.facebook.com\/acumenfund\/\" \/>\n<meta property=\"article:modified_time\" content=\"2026-04-07T15:56:49+00:00\" \/>\n<meta property=\"og:image\" content=\"https:\/\/acumen.org\/wp-content\/uploads\/2024\/05\/Mercedes-De-La-Vega.jpg\" \/>\n\t<meta property=\"og:image:width\" content=\"1800\" \/>\n\t<meta property=\"og:image:height\" content=\"1400\" \/>\n\t<meta property=\"og:image:type\" content=\"image\/jpeg\" \/>\n<meta name=\"twitter:card\" content=\"summary_large_image\" \/>\n<meta name=\"twitter:site\" content=\"@Acumen\" \/>\n<meta name=\"twitter:label1\" content=\"Tiempo de lectura\" \/>\n\t<meta name=\"twitter:data1\" content=\"1 minute\" \/>\n<script type=\"application\/ld+json\" class=\"yoast-schema-graph\">{\"@context\":\"https:\\\/\\\/schema.org\",\"@graph\":[{\"@type\":\"WebPage\",\"@id\":\"https:\\\/\\\/acumen.org\\\/es\\\/team\\\/mercedes-de-la-vega\\\/\",\"url\":\"https:\\\/\\\/acumen.org\\\/es\\\/team\\\/mercedes-de-la-vega\\\/\",\"name\":\"Mercedes de la Vega | Acumen\",\"isPartOf\":{\"@id\":\"https:\\\/\\\/acumen.org\\\/es\\\/#website\"},\"primaryImageOfPage\":{\"@id\":\"https:\\\/\\\/acumen.org\\\/es\\\/team\\\/mercedes-de-la-vega\\\/#primaryimage\"},\"image\":{\"@id\":\"https:\\\/\\\/acumen.org\\\/es\\\/team\\\/mercedes-de-la-vega\\\/#primaryimage\"},\"thumbnailUrl\":\"https:\\\/\\\/acumen.org\\\/wp-content\\\/uploads\\\/2024\\\/05\\\/Mercedes-De-La-Vega.jpg\",\"datePublished\":\"2021-04-08T12:30:35+00:00\",\"dateModified\":\"2026-04-07T15:56:49+00:00\",\"breadcrumb\":{\"@id\":\"https:\\\/\\\/acumen.org\\\/es\\\/team\\\/mercedes-de-la-vega\\\/#breadcrumb\"},\"inLanguage\":\"es-ES\",\"potentialAction\":[{\"@type\":\"ReadAction\",\"target\":[\"https:\\\/\\\/acumen.org\\\/es\\\/team\\\/mercedes-de-la-vega\\\/\"]}]},{\"@type\":\"ImageObject\",\"inLanguage\":\"es-ES\",\"@id\":\"https:\\\/\\\/acumen.org\\\/es\\\/team\\\/mercedes-de-la-vega\\\/#primaryimage\",\"url\":\"https:\\\/\\\/acumen.org\\\/wp-content\\\/uploads\\\/2024\\\/05\\\/Mercedes-De-La-Vega.jpg\",\"contentUrl\":\"https:\\\/\\\/acumen.org\\\/wp-content\\\/uploads\\\/2024\\\/05\\\/Mercedes-De-La-Vega.jpg\",\"width\":1800,\"height\":1400},{\"@type\":\"BreadcrumbList\",\"@id\":\"https:\\\/\\\/acumen.org\\\/es\\\/team\\\/mercedes-de-la-vega\\\/#breadcrumb\",\"itemListElement\":[{\"@type\":\"ListItem\",\"position\":1,\"name\":\"Home\",\"item\":\"https:\\\/\\\/acumen.org\\\/es\\\/\"},{\"@type\":\"ListItem\",\"position\":2,\"name\":\"Mercedes de la Vega\"}]},{\"@type\":\"WebSite\",\"@id\":\"https:\\\/\\\/acumen.org\\\/es\\\/#website\",\"url\":\"https:\\\/\\\/acumen.org\\\/es\\\/\",\"name\":\"Acumen\",\"description\":\"\",\"publisher\":{\"@id\":\"https:\\\/\\\/acumen.org\\\/es\\\/#organization\"},\"potentialAction\":[{\"@type\":\"SearchAction\",\"target\":{\"@type\":\"EntryPoint\",\"urlTemplate\":\"https:\\\/\\\/acumen.org\\\/es\\\/?s={search_term_string}\"},\"query-input\":{\"@type\":\"PropertyValueSpecification\",\"valueRequired\":true,\"valueName\":\"search_term_string\"}}],\"inLanguage\":\"es-ES\"},{\"@type\":\"Organization\",\"@id\":\"https:\\\/\\\/acumen.org\\\/es\\\/#organization\",\"name\":\"Acumen\",\"url\":\"https:\\\/\\\/acumen.org\\\/es\\\/\",\"logo\":{\"@type\":\"ImageObject\",\"inLanguage\":\"es-ES\",\"@id\":\"https:\\\/\\\/acumen.org\\\/es\\\/#\\\/schema\\\/logo\\\/image\\\/\",\"url\":\"https:\\\/\\\/acumen.org\\\/app\\\/uploads\\\/2021\\\/03\\\/Acumen.png\",\"contentUrl\":\"https:\\\/\\\/acumen.org\\\/app\\\/uploads\\\/2021\\\/03\\\/Acumen.png\",\"width\":3334,\"height\":2480,\"caption\":\"Acumen\"},\"image\":{\"@id\":\"https:\\\/\\\/acumen.org\\\/es\\\/#\\\/schema\\\/logo\\\/image\\\/\"},\"sameAs\":[\"https:\\\/\\\/www.facebook.com\\\/acumenfund\\\/\",\"https:\\\/\\\/x.com\\\/Acumen\",\"https:\\\/\\\/www.instagram.com\\\/acumenorg\\\/\",\"https:\\\/\\\/www.linkedin.com\\\/company\\\/acumen-fund\\\/\",\"https:\\\/\\\/www.youtube.com\\\/channel\\\/UCpuoLfl6gZl2jDa8lAlC8YQ\"],\"description\":\"We invest across the capital continuum to help transformational companies grow from seed to scale. acumen invests patient capital in business models that deliver critical, affordable goods and services to the world's poor, improving the lives of millions. Since 2001, Acumen has invested in businesses that provide access to healthcare, energy, education, water & sanitation, housing, financial services, and agricultural services to low-income customers. Our investments are addressing the problems of poverty in East and West Africa, South Asia, Latin America, and the United States.\",\"telephone\":\"1-212-566-8821\",\"legalName\":\"Acumen Fund, Inc.\",\"taxID\":\"13-4166228\",\"ownershipFundingInfo\":\"https:\\\/\\\/acumen.org\\\/financials\\\/\",\"ethicsPolicy\":\"https:\\\/\\\/acumen.org\\\/anti-corruption-policy\\\/\"}]}<\/script>\n<!-- \/ Yoast SEO Premium plugin. -->","yoast_head_json":{"title":"Mercedes de la Vega | Acumen","robots":{"index":"index","follow":"follow","max-snippet":"max-snippet:-1","max-image-preview":"max-image-preview:large","max-video-preview":"max-video-preview:-1"},"canonical":"https:\/\/acumen.org\/es\/team\/mercedes-de-la-vega\/","og_locale":"es_ES","og_type":"article","og_title":"Mercedes de la Vega","og_description":"Mercedes lidera alianzas estrat\u00e9gicas que impulsan el trabajo global de Acumen en la intersecci\u00f3n entre el cambio clim\u00e1tico y la pobreza. En este rol, trabaja con fundaciones, empresas, gobiernos e inversores para movilizar capital hacia empresas y soluciones que acompa\u00f1an a comunidades vulnerables al clima. Mercedes contribuye al desarrollo y la implementaci\u00f3n de la estrategia &hellip; Continuado","og_url":"https:\/\/acumen.org\/es\/team\/mercedes-de-la-vega\/","og_site_name":"Acumen","article_publisher":"https:\/\/www.facebook.com\/acumenfund\/","article_modified_time":"2026-04-07T15:56:49+00:00","og_image":[{"width":1800,"height":1400,"url":"https:\/\/acumen.org\/wp-content\/uploads\/2024\/05\/Mercedes-De-La-Vega.jpg","type":"image\/jpeg"}],"twitter_card":"summary_large_image","twitter_site":"@Acumen","twitter_misc":{"Tiempo de lectura":"1 minute"},"schema":{"@context":"https:\/\/schema.org","@graph":[{"@type":"WebPage","@id":"https:\/\/acumen.org\/es\/team\/mercedes-de-la-vega\/","url":"https:\/\/acumen.org\/es\/team\/mercedes-de-la-vega\/","name":"Mercedes de la Vega | Acumen","isPartOf":{"@id":"https:\/\/acumen.org\/es\/#website"},"primaryImageOfPage":{"@id":"https:\/\/acumen.org\/es\/team\/mercedes-de-la-vega\/#primaryimage"},"image":{"@id":"https:\/\/acumen.org\/es\/team\/mercedes-de-la-vega\/#primaryimage"},"thumbnailUrl":"https:\/\/acumen.org\/wp-content\/uploads\/2024\/05\/Mercedes-De-La-Vega.jpg","datePublished":"2021-04-08T12:30:35+00:00","dateModified":"2026-04-07T15:56:49+00:00","breadcrumb":{"@id":"https:\/\/acumen.org\/es\/team\/mercedes-de-la-vega\/#breadcrumb"},"inLanguage":"es-ES","potentialAction":[{"@type":"ReadAction","target":["https:\/\/acumen.org\/es\/team\/mercedes-de-la-vega\/"]}]},{"@type":"ImageObject","inLanguage":"es-ES","@id":"https:\/\/acumen.org\/es\/team\/mercedes-de-la-vega\/#primaryimage","url":"https:\/\/acumen.org\/wp-content\/uploads\/2024\/05\/Mercedes-De-La-Vega.jpg","contentUrl":"https:\/\/acumen.org\/wp-content\/uploads\/2024\/05\/Mercedes-De-La-Vega.jpg","width":1800,"height":1400},{"@type":"BreadcrumbList","@id":"https:\/\/acumen.org\/es\/team\/mercedes-de-la-vega\/#breadcrumb","itemListElement":[{"@type":"ListItem","position":1,"name":"Home","item":"https:\/\/acumen.org\/es\/"},{"@type":"ListItem","position":2,"name":"Mercedes de la Vega"}]},{"@type":"WebSite","@id":"https:\/\/acumen.org\/es\/#website","url":"https:\/\/acumen.org\/es\/","name":"Acumen","description":"","publisher":{"@id":"https:\/\/acumen.org\/es\/#organization"},"potentialAction":[{"@type":"SearchAction","target":{"@type":"EntryPoint","urlTemplate":"https:\/\/acumen.org\/es\/?s={search_term_string}"},"query-input":{"@type":"PropertyValueSpecification","valueRequired":true,"valueName":"search_term_string"}}],"inLanguage":"es-ES"},{"@type":"Organization","@id":"https:\/\/acumen.org\/es\/#organization","name":"Acumen","url":"https:\/\/acumen.org\/es\/","logo":{"@type":"ImageObject","inLanguage":"es-ES","@id":"https:\/\/acumen.org\/es\/#\/schema\/logo\/image\/","url":"https:\/\/acumen.org\/app\/uploads\/2021\/03\/Acumen.png","contentUrl":"https:\/\/acumen.org\/app\/uploads\/2021\/03\/Acumen.png","width":3334,"height":2480,"caption":"Acumen"},"image":{"@id":"https:\/\/acumen.org\/es\/#\/schema\/logo\/image\/"},"sameAs":["https:\/\/www.facebook.com\/acumenfund\/","https:\/\/x.com\/Acumen","https:\/\/www.instagram.com\/acumenorg\/","https:\/\/www.linkedin.com\/company\/acumen-fund\/","https:\/\/www.youtube.com\/channel\/UCpuoLfl6gZl2jDa8lAlC8YQ"],"description":"We invest across the capital continuum to help transformational companies grow from seed to scale. acumen invests patient capital in business models that deliver critical, affordable goods and services to the world's poor, improving the lives of millions. Since 2001, Acumen has invested in businesses that provide access to healthcare, energy, education, water & sanitation, housing, financial services, and agricultural services to low-income customers. Our investments are addressing the problems of poverty in East and West Africa, South Asia, Latin America, and the United States.","telephone":"1-212-566-8821","legalName":"Acumen Fund, Inc.","taxID":"13-4166228","ownershipFundingInfo":"https:\/\/acumen.org\/financials\/","ethicsPolicy":"https:\/\/acumen.org\/anti-corruption-policy\/"}]}},"_links":{"self":[{"href":"https:\/\/acumen.org\/es\/wp-json\/wp\/v2\/team\/16143","targetHints":{"allow":["GET"]}}],"collection":[{"href":"https:\/\/acumen.org\/es\/wp-json\/wp\/v2\/team"}],"about":[{"href":"https:\/\/acumen.org\/es\/wp-json\/wp\/v2\/types\/team"}],"wp:featuredmedia":[{"embeddable":true,"href":"https:\/\/acumen.org\/es\/wp-json\/wp\/v2\/media\/11583"}],"wp:attachment":[{"href":"https:\/\/acumen.org\/es\/wp-json\/wp\/v2\/media?parent=16143"}],"wp:term":[{"taxonomy":"office","embeddable":true,"href":"https:\/\/acumen.org\/es\/wp-json\/wp\/v2\/office?post=16143"},{"taxonomy":"team-function","embeddable":true,"href":"https:\/\/acumen.org\/es\/wp-json\/wp\/v2\/team-function?post=16143"},{"taxonomy":"team-type","embeddable":true,"href":"https:\/\/acumen.org\/es\/wp-json\/wp\/v2\/team-type?post=16143"}],"curies":[{"name":"wp","href":"https:\/\/api.w.org\/{rel}","templated":true}]}}

<p>Mercedes lidera alianzas estratégicas que impulsan el trabajo global de Acumen en la intersección entre el cambio climático y la pobreza. En este rol, trabaja con fundaciones, empresas, gobiernos e inversores para movilizar capital hacia empresas y soluciones que acompañan a comunidades vulnerables al clima. Mercedes contribuye al desarrollo y la implementación de la estrategia climática de Acumen, fortaleciendo el posicionamiento de la organización en los ecosistemas de cambio climático, energías limpias e inversiones de impacto.</p>
<p>Antes de unirse a Acumen en 2020, Mercedes trabajó durante cuatro años en Buenos Aires en el Grupo Techint, uno de los principales grupos industriales de América Latina con operaciones globales en energía, acero e infraestructura. Como Coordinadora de Relaciones Institucionales, estuvo a cargo de asuntos públicos, sustentabilidad corporativa y comunicaciones, trabajando con actores clave de los sectores público y privado.</p>
<p>Mercedes cuenta con una Maestría en Administración Pública en Desarrollo (MPA in Development Practice) de la Universidad de Columbia (Nueva York, EEUU), donde fue becaria Fulbright, y una licenciatura en Relaciones Internacionales de la Universidad de San Andrés (Buenos Aires, Argentina).</p>

<!-- This site is optimized with the Yoast SEO Premium plugin v27.4 (Yoast SEO v27.4) - https://yoast.com/product/yoast-seo-premium-wordpress/ -->
<title>Mercedes de la Vega | Acumen</title>
<meta name="robots" content="index, follow, max-snippet:-1, max-image-preview:large, max-video-preview:-1" />
<link rel="canonical" href="https://acumen.org/es/team/mercedes-de-la-vega/" />
<meta property="og:locale" content="es_ES" />
<meta property="og:type" content="article" />
<meta property="og:title" content="Mercedes de la Vega" />
<meta property="og:description" content="Mercedes lidera alianzas estratégicas que impulsan el trabajo global de Acumen en la intersección entre el cambio climático y la pobreza. En este rol, trabaja con fundaciones, empresas, gobiernos e inversores para movilizar capital hacia empresas y soluciones que acompañan a comunidades vulnerables al clima. Mercedes contribuye al desarrollo y la implementación de la estrategia &hellip; Continuado" />
<meta property="og:url" content="https://acumen.org/es/team/mercedes-de-la-vega/" />
<meta property="og:site_name" content="Acumen" />
<meta property="article:publisher" content="https://www.facebook.com/acumenfund/" />
<meta property="article:modified_time" content="2026-04-07T15:56:49+00:00" />
<meta property="og:image" content="https://acumen.org/wp-content/uploads/2024/05/Mercedes-De-La-Vega.jpg" />
	<meta property="og:image:width" content="1800" />
	<meta property="og:image:height" content="1400" />
	<meta property="og:image:type" content="image/jpeg" />
<meta name="twitter:card" content="summary_large_image" />
<meta name="twitter:site" content="@Acumen" />
<meta name="twitter:label1" content="Tiempo de lectura" />
	<meta name="twitter:data1" content="1 minute" />
<script type="application/ld+json" class="yoast-schema-graph">{"@context":"https:\/\/schema.org","@graph":[{"@type":"WebPage","@id":"https:\/\/acumen.org\/es\/team\/mercedes-de-la-vega\/","url":"https:\/\/acumen.org\/es\/team\/mercedes-de-la-vega\/","name":"Mercedes de la Vega | Acumen","isPartOf":{"@id":"https:\/\/acumen.org\/es\/#website"},"primaryImageOfPage":{"@id":"https:\/\/acumen.org\/es\/team\/mercedes-de-la-vega\/#primaryimage"},"image":{"@id":"https:\/\/acumen.org\/es\/team\/mercedes-de-la-vega\/#primaryimage"},"thumbnailUrl":"https:\/\/acumen.org\/wp-content\/uploads\/2024\/05\/Mercedes-De-La-Vega.jpg","datePublished":"2021-04-08T12:30:35+00:00","dateModified":"2026-04-07T15:56:49+00:00","breadcrumb":{"@id":"https:\/\/acumen.org\/es\/team\/mercedes-de-la-vega\/#breadcrumb"},"inLanguage":"es-ES","potentialAction":[{"@type":"ReadAction","target":["https:\/\/acumen.org\/es\/team\/mercedes-de-la-vega\/"]}]},{"@type":"ImageObject","inLanguage":"es-ES","@id":"https:\/\/acumen.org\/es\/team\/mercedes-de-la-vega\/#primaryimage","url":"https:\/\/acumen.org\/wp-content\/uploads\/2024\/05\/Mercedes-De-La-Vega.jpg","contentUrl":"https:\/\/acumen.org\/wp-content\/uploads\/2024\/05\/Mercedes-De-La-Vega.jpg","width":1800,"height":1400},{"@type":"BreadcrumbList","@id":"https:\/\/acumen.org\/es\/team\/mercedes-de-la-vega\/#breadcrumb","itemListElement":[{"@type":"ListItem","position":1,"name":"Home","item":"https:\/\/acumen.org\/es\/"},{"@type":"ListItem","position":2,"name":"Mercedes de la Vega"}]},{"@type":"WebSite","@id":"https:\/\/acumen.org\/es\/#website","url":"https:\/\/acumen.org\/es\/","name":"Acumen","description":"","publisher":{"@id":"https:\/\/acumen.org\/es\/#organization"},"potentialAction":[{"@type":"SearchAction","target":{"@type":"EntryPoint","urlTemplate":"https:\/\/acumen.org\/es\/?s={search_term_string}"},"query-input":{"@type":"PropertyValueSpecification","valueRequired":true,"valueName":"search_term_string"}}],"inLanguage":"es-ES"},{"@type":"Organization","@id":"https:\/\/acumen.org\/es\/#organization","name":"Acumen","url":"https:\/\/acumen.org\/es\/","logo":{"@type":"ImageObject","inLanguage":"es-ES","@id":"https:\/\/acumen.org\/es\/#\/schema\/logo\/image\/","url":"https:\/\/acumen.org\/app\/uploads\/2021\/03\/Acumen.png","contentUrl":"https:\/\/acumen.org\/app\/uploads\/2021\/03\/Acumen.png","width":3334,"height":2480,"caption":"Acumen"},"image":{"@id":"https:\/\/acumen.org\/es\/#\/schema\/logo\/image\/"},"sameAs":["https:\/\/www.facebook.com\/acumenfund\/","https:\/\/x.com\/Acumen","https:\/\/www.instagram.com\/acumenorg\/","https:\/\/www.linkedin.com\/company\/acumen-fund\/","https:\/\/www.youtube.com\/channel\/UCpuoLfl6gZl2jDa8lAlC8YQ"],"description":"We invest across the capital continuum to help transformational companies grow from seed to scale. acumen invests patient capital in business models that deliver critical, affordable goods and services to the world's poor, improving the lives of millions. Since 2001, Acumen has invested in businesses that provide access to healthcare, energy, education, water & sanitation, housing, financial services, and agricultural services to low-income customers. Our investments are addressing the problems of poverty in East and West Africa, South Asia, Latin America, and the United States.","telephone":"1-212-566-8821","legalName":"Acumen Fund, Inc.","taxID":"13-4166228","ownershipFundingInfo":"https:\/\/acumen.org\/financials\/","ethicsPolicy":"https:\/\/acumen.org\/anti-corruption-policy\/"}]}</script>
<!-- / Yoast SEO Premium plugin. -->

Mercedes lidera alianzas estratégicas que impulsan el trabajo global de Acumen en la intersección entre el cambio climático y la pobreza. En este rol, trabaja con fundaciones, empresas, gobiernos e inversores para movilizar capital hacia empresas y soluciones que acompañan a comunidades vulnerables al clima. Mercedes contribuye al desarrollo y la implementación de la estrategia &hellip; Continuado
